he hundreds digit of 272?
2
What is the tens digit of 89465?
6
What is the units digit of 1107?
7
What is the hundred thousands digit of 130796?
1
What is the tens digit of 39879?
7
What is the tens digit of 26073?
7
What is the tens digit of 11647?
4
What is the units digit of 22167?
7
What is the tens digit of 1849?
4
What is the hundred thousands digit of 111052?
1
What is the hundreds digit of 1350?
3
What is the ten thousands digit of 20464?
2
What is the ten thousands digit of 32408?
3
What is the hundreds digit of 547?
5
What is the thousands digit of 9890?
9
What is the hundreds digit of 42988?
9
What is the hundreds digit of 67074?
0
What is the units digit of 618?
8
What is the tens digit of 8651?
5
What is the thousands digit of 1956?
1
What is the units digit of 55242?
2
What is the units digit of 14958?
8
What is the tens digit of 4221?
2
What is the hundreds digit of 1579?
5
What is the units digit of 622?
2
What is the hundreds digit of 1187?
1
What is the hundreds digit of 4831?
8
What is the thousands digit of 4778?
4
What is the tens digit of 146?
4
What is the units digit of 1641?
1
What is the hundreds digit of 2748?
7
What is the tens digit of 3501?
0
What is the thousands digit of 7297?
7
What is the ten thousands digit of 20311?
2
What is the units digit of 895?
5
What is the tens digit of 3667?
6
What is the thousands digit of 2563?
2
What is the hundreds digit of 1313?
3
What is the units digit of 842?
2
What is the units digit of 1950?
0
What is the hundreds digit of 2156?
1
What is the thousands digit of 1203?
1
What is the hundreds digit of 1699?
6
What is the tens digit of 5643?
4
What is the thousands digit of 5831?
5
What is the hundreds digit of 4133?
1
What is the hundreds digit of 14364?
3
What is the tens digit of 336?
3
What is the hundreds digit of 849?
8
What is the hundreds digit of 21377?
3
What is the units digit of 713?
3
What is the units digit of 104976?
6
What is the units digit of 437?
7
What is the hundreds digit of 668?
6
What is the units digit of 5098?
8
What is the units digit of 1457?
7
What is the tens digit of 136066?
6
What is the tens digit of 1987?
8
What is the units digit of 70372?
2
What is the tens digit of 32603?
0
What is the units digit of 6521?
1
What is the hundreds digit of 1542?
5
What is the hundreds digit of 105472?
4
What is the units digit of 575?
5
What is the hundreds digit of 5739?
7
What is the ten thousands digit of 22505?
2
What is the units digit of 668?
8
What is the thousands digit of 36745?
6
What is the hundreds digit of 165?
1
What is the tens digit of 7726?
2
What is the hundreds digit of 643?
6
What is the hundreds digit of 3218?
2
What is the thousands digit of 99022?
9
What is the hundreds digit of 14599?
5
What is the tens digit of 658?
5
What is the hundreds digit of 61896?
8
What is the units digit of 21098?
8
What is the thousands digit of 4806?
4
What is the hundreds digit of 7991?
9
What is the tens digit of 13425?
2
What is the thousands digit of 13182?
3
What is the hundreds digit of 1150?
1
What is the tens digit of 1439?
3
What is the tens digit of 193730?
3
What is the units digit of 387?
7
What is the hundreds digit of 1554?
5
What is the tens digit of 37588?
8
What is the ten thousands digit of 68802?
6
What is the hundreds digit of 88103?
1
What is the thousands digit of 5165?
5
What is the tens digit of 1085?
8
What is the units digit of 8227?
7
What is the thousands digit of 41131?
1
What is the units digit of 14794?
4
What is the units digit of 15996?
6
What is the units digit of 2789?
9
What is the thousands digit of 11672?
1
What is the hundreds digit of 101454?
4
What is the hundreds digit of 781?
7
What is the thousands digit of 7806?
7
What is the ten thousands digit of 13374?
1
What is the thousands digit of 18979?
8
What is the tens digit of 77608?
0
What is the tens digit of 5712?
1
What is the hundreds digit of 10928?
9
What is the ten thousands digit of 13780?
1
What is the hundreds digit of 983?
9
What is the tens digit of 19957?
5
What is the hundreds digit of 54718?
7
What is the tens digit of 1122?
2
What is the ten thousands digit of 79157?
7
What is the ten thousands digit of 47026?
4
What is the tens digit of 555?
5
What is the tens digit of 1400?
0
What is the tens digit of 2634?
3
What is the hundreds digit of 673?
6
What is the hundreds digit of 4572?
5
What is the thousands digit of 33746?
3
What is the units digit of 819?
9
What is the hundreds digit of 226?
2
What is the units digit of 352?
2
What is the hundreds digit of 300?
3
What is the units digit of 442?
2
What is the hundreds digit of 11954?
9
What is the units digit of 112856?
6
What is the thousands digit of 1968?
1
What is the thousands digit of 7966?
7
What is the hundreds digit of 456?
4
What is the tens digit of 12380?
8
What is the units digit of 2958?
8
What is the units digit of 2727?
7
What is the tens digit of 84317?
1
What is the units digit of 933?
3
What is the tens digit of 29626?
2
What is the ten thousands digit of 61852?
6
What is the ten thousands digit of 20406?
2
What is the tens digit of 65122?
2
What is the hundreds digit of 60751?
7
What is the tens digit of 42675?
7
What is the hundreds digit of 22868?
8
What is the ten thousands digit of 72981?
7
What is the thousands digit of 6776?
6
What is the tens digit of 65662?
6
What is the thousands digit of 1178?
1
What is the hundreds digit of 64904?
9
What is the tens digit of 5148?
4
What is the thousands digit of 85587?
5
What is the units digit of 37475?
5
What is the units digit of 2817?
7
What is the ten thousands digit of 36229?
3
What is the units digit of 3102?
2
What is the hundreds digit of 500?
5
What is the hundreds digit of 2145?
1
What is the units digit of 38672?
2
What is the hundreds digit of 129?
1
What is the tens digit of 89512?
1
What is the tens digit of 17455?
5
What is the hundreds digit of 108?
1
What is the hundreds digit of 4825?
8
What is the hundreds digit of 16499?
4
What is the units digit of 1379?
9
What is the hundreds digit of 70632?
6
What is the hundreds digit of 6401?
4
What is the units digit of 36?
6
What is the tens digit of 302?
0
What is the units digit of 54505?
5
What is the thousands digit of 20243?
0
What is the units digit of 2317?
7
What is the tens digit of 1497?
9
What is the units digit of 30035?
5
What is the hundreds digit of 1443?
4
What is the hundreds digit of 2223?
2
What is the tens digit of 743?
4
What is the units digit of 25865?
5
What is the tens digit of 3547?
4
What is the units digit of 1075?
5
What is the units digit of 2832?
2
What is the tens digit of 635?
3
What is the units digit of 5493?
3
What is the units digit of 4869?
9
What is the hundreds digit of 882?
8
What is the ten thousands digit of 88856?
8
What is the ten thousands digit of 78563?
7
What is the hundreds digit of 10327?
3
What is the tens digit of 34071?
7
What is the tens digit of 717?
1
What is the thousands digit of 1073?
1
What is the units digit of 765?
5
What is the thousands digit of 44883?
4
What is the hundreds digit of 2016?
0
What is the hundreds digit of 9146?
1
What is the hundreds digit of 5029?
0
What is the hundreds digit of 96364?
3
What is the tens digit of 1965?
6
What is the ten thousands digit of 12627?
1
What is the hundreds digit of 102086?
0
What is the hundreds digit of 6318?
3
What is the tens digit of 11411?
1
What is the thousands digit of 54903?
4
What is the tens digit of 31593?
9
What is the tens digit of 96246?
4
What is the tens digit of 766?
6
What is the units digit of 2210?
0
What is the units digit of 17061?
1
What is the hundreds digit of 3553?
5
What is the units digit of 2219?
9
What is the hundreds digit of 8493?
4
What is the units digit of 167?
7
What is the units digit of 929?
9
What is the thousands digit of 34357?
4
What is the tens digit of 593?
9
What is the tens digit of 24368?
6
What is the thousands digit of 1298?
1
What is the units digit of 1536?
6
What is the units digit of 2171?
1
What is the tens digit of 95728?
2
What is the tens digit of 3350?
5
What is the tens digit of 2320?
2
What is the units digit of 307?
7
What is the hundreds digit of 580?
5
What is the units digit of 673?
3
What is the ten